w) = -w**3 - 44*w**2 - 347*w - 223. Determine s(-34).
15
Let x(a) = -5550*a - 227546. What is x(-41)?
4
Let w(v) = -466*v - 3300. Calculate w(-8).
428
Let r(v) = 5*v**2 + 1796*v - 57102. Determine r(-389).
859
Let l(g) = g**2 + 24379*g - 195095. Give l(8).
1
Let n(l) = 3354*l - 6531. Calculate n(2).
177
Let f(q) = 162*q + 9656. Calculate f(-59).
98
Let c(t) = 2*t**2 - 295*t + 7182. Determine c(118).
220
Let m(t) = t**2 - 282*t + 4760. Determine m(18).
8
Let c(f) = 5*f**3 - 73*f**2 + 83*f - 7. What is c(1)?
8
Let w(o) = -164*o + 16747. Give w(94).
1331
Let s(z) = 2*z**3 + 62*z**2 - 159*z + 98. What is s(-33)?
989
Let u(w) = 10*w**3 - 60*w**2 - 25*w + 174. Calculate u(6).
24
Let q(b) = -b**3 - 89*b**2 - 579*b - 463. Calculate q(-82).
-53
Let z(a) = 37670*a + 376694. Give z(-10).
-6
Let m(g) = 98005*g + 196009. Give m(-2).
-1
Let b(g) = -11*g**2 - 3385*g + 25203. Give b(-315).
3
Let a(b) = -22169*b - 1197137. What is a(-54)?
-11
Let w(b) = -b**3 + b**2 + 5083*b - 35266. What is w(7)?
21
Let b(r) = -26*r**3 + 1214*r**2 + 699*r - 15188. Calculate b(47).
-7
Let i(z) = 6*z**2 - 571*z + 662. Give i(94).
4
Let j(d) = 146*d**2 + 1275*d + 883. Give j(-8).
27
Let p(u) = -1224*u**2 + 1119*u + 108. Determine p(1).
3
Let f(b) = -2*b**3 + 68*b**2 + 347*b - 7312. What is f(36)?
-4
Let z(a) = 223*a**2 - 3756*a - 550. What is z(17)?
45
Let n(k) = -27*k**2 + 24770*k + 89346. Give n(921).
9
Let f(p) = -437*p + 2848. Give f(4).
1100
Let p(n) = n**3 + 6*n**2 - 330*n - 148. Determine p(-21).
167
Let b(j) = 40*j**2 - 812*j - 1620. Give b(-2).
164
Let f(p) = 5870*p + 35459. Give f(-6).
239
Let j(l) = l**2 + 27448*l - 274572. What is j(10)?
8
Let m(b) = -383*b + 3976. Determine m(10).
146
Let l(n) = -8*n**2 - 1656*n + 2131. Calculate l(-208).
467
Let o(k) = -18*k**3 - 353*k**2 + 129*k - 164. What is o(-20)?
56
Let z(k) = 76254*k - 152224. Give z(2).
284
Let p(r) = 52*r**2 + 62*r + 20. What is p(-2)?
104
Let g(s) = -5475*s**2 - 54716*s + 331. Give g(-10).
-9
Let s(m) = 3*m**3 - 24*m**2 - 213*m + 1491. What is s(6)?
-3
Let b(k) = k**2 + 77*k + 557. Calculate b(-70).
67
Let f(w) = -2*w**3 - 48*w**2 - 669*w - 17930. Give f(-25).
45
Let s(z) = -12*z**2 - 2868*z + 11660. Calculate s(-243).
-4
Let w(l) = 69321*l - 346614. Determine w(5).
-9
Let w(s) = 176*s + 2913. What is w(-1)?
2737
Let w(y) = 5977*y + 83547. Give w(-14).
-131
Let i(p) = -104*p**2 + 1057*p - 6. Calculate i(10).
164
Let f(x) = -32*x**2 - 1571*x + 172. What is f(-49)?
319
Let l(j) = 1249*j**2 + 237311*j + 184. What is l(-190)?
-6
Let c(i) = 24*i**3 - 3621*i**2 - 450*i - 428. What is c(151)?
25
Let g(b) = -b**3 + 1188*b**2 - 5763*b - 179828. Give g(1183).
-12
Let g(i) = 18*i**2 - 1174*i + 16369. What is g(45)?
-11
Let k(a) = 7*a**2 + 123*a - 994. Give k(6).
-4
Let r(g) = g**3 - 15*g**2 + 325*g - 5325. What is r(17)?
778
Let f(u) = 551*u + 53519. Calculate f(-97).
72
Let d(r) = 8*r**2 + 208*r + 977. Give d(-24).
593
Let b(m) = m**3 - 22*m**2 - 48*m - 253. What is b(24)?
-253
Let n(c) = -417*c - 89662. Calculate n(-215).
-7
Let x(o) = 217*o**2 - 129*o - 4004. Determine x(-4).
-16
Let d(i) = 73*i - 3335. Determine d(64).
1337
Let b(q) = -273*q**2 + 7982*q - 58. What is b(29)?
1827
Let d(y) = -4*y**3 + 254*y**2 - 601*y - 759. Give d(61).
-210
Let r(w) = -13*w**3 - 317*w**2 - 121*w - 18. What is r(-24)?
6
Let b(o) = -o**3 + 6*o**2 + 1286*o - 2591. Give b(2).
-3
Let p(v) = v**3 + 395*v**2 + 6393*v - 12473. Give p(-378).
1
Let a(f) = 5*f**2 + 882*f - 3128. What is a(-180)?
112
Let w(k) = -5*k**3 - 793*k**2 + 318*k - 61. Calculate w(-159).
-61
Let d(h) = 24*h - 132. Calculate d(-13).
-444
Let f(p) = -191841*p + 767365. Determine f(4).
1
Let a(n) = -n**3 + 41*n**2 - 48*n - 64. Give a(37).
3636
Let h(p) = 8016*p - 31. Calculate h(0).
-31
Let y(h) = 4421*h + 35160. Give y(-8).
-208
Let k(d) = 8639*d + 267815. Give k(-31).
6
Let f(a) = -a**2 + 1136*a - 152061. What is f(155)?
-6
Let q(w) = 1339*w**2 + 4057*w - 14. Calculate q(-3).
-134
Let n(t) = -t**3 + 4*t**2 + 120*t - 656. Give n(9).
19
Let q(i) = i**3 - 772*i**2 - 876*i + 79218. Calculate q(773).
-401
Let w(o) = -o**3 - 33*o**2 + 431*o + 13498. Give w(-34).
0
Let h(i) = i**3 - 209*i**2 + 628*i - 2307. Give h(206).
-247
Let y(u) = 3*u**2 + 1546*u - 83065. Give y(49).
-108
Let y(x) = 437*x**2 + 1412*x + 81. Give y(-3).
-222
Let o(r) = -40*r**2 + 576*r - 724. What is o(13)?
4
Let b(t) = -t**2 + 207*t - 2153. Calculate b(13).
369
Let p(f) = -3*f**2 - 156*f - 1742. Give p(-36).
-14
Let o(g) = 150*g**3 - 7194*g**2 - 288*g - 6. Give o(48).
-6
Let r(m) = -m**2 + 1264*m + 1941481. What is r(2162)?
5
Let s(i) = -1304*i - 30016. What is s(-23)?
-24
Let o(g) = -21*g**2 + 15058*g - 74750. Calculate o(5).
15
Let l(q) = -4*q**3 - 32*q**2 - 39*q - 195. What is l(-6)?
-249
Let k(y) = -14149*y - 42406. Calculate k(-3).
41
Let z(k) = -5*k**3 - 48*k**2 - 20*k + 361. What is z(-8)?
9
Let n(o) = 6*o**2 - 99073*o + 594472. Give n(6).
250
Let h(r) = -2*r**3 - 47*r**2 - 347*r - 3829. Calculate h(-20).
311
Let f(o) = 279*o + 7626. What is f(-44)?
-4650
Let l(o) = 539*o**2 - 7064*o + 746. Give l(13).
5
Let a(z) = -z**3 + 13*z**2 - 609*z + 3856. Calculate a(7).
-113
Let d(x) = -6*x**2 - 394*x - 1136. Calculate d(-3).
-8
Let w(h) = -96573*h + 386288. Calculate w(4).
-4
Let s(k) = 2*k**3 - 90*k**2 - 267*k + 3693. What is s(47)?
-20
Let z(y) = -15248*y - 1890746. Determine z(-124).
6
Let a(t) = -6*t**2 + 1497*t + 61658. What is a(-36)?
-10
Let i(y) = y**3 - 104*y**2 + 509*y - 1370. Calculate i(99).
16
Let g(z) = -2*z**3 - 674*z**2 + 2719*z - 3159. Calculate g(-341).
-90
Let s(z) = z**3 + 92*z**2 + 538*z + 1902. Calculate s(-86).
10
Let i(p) = -p**3 + 56*p**2 - 795*p + 1764. What is i(33)?
576
Let r(c) = c**3 - 36*c**2 + 253*c - 246. Give r(6).
192
Let d(n) = -n**3 - 82*n**2 + 8*n + 531. What is d(-82)?
-125
Let u(l) = -l**2 + 636*l - 3805. Give u(6).
-25
Let n(x) = 3*x**3 + 3*x**2 + 610*x + 1856. What is n(-3)?
-28
Let q(n) = 2*n**3 + 181*n**2 + 46*n - 4623. What is q(-90)?
-663
Let l(x) = -x**3 - 18*x**2 + 169*x + 3331. What is l(-16)?
115
Let z(q) = -9*q**3 + 1276*q**2 + 288*q - 530. Determine z(142).
38
Let s(l) = 27*l**2 - 220*l + 331. Determine s(-7).
3194
Let w(b) = 791*b**3 + 18*b**2 - 78*b - 97. Give w(-1).
-792
Let k(m) = 6306*m - 193. Determine k(0).
-193
Let n(r) = -42*r**2 + 126*r + 49. Calculate n(4).
-119
Let q(b) = 7332*b + 381077. Determine q(-52).
-187
Let g(q) = -q**3 - 1231*q**2 - 71383*q - 15197. Calculate g(-1170).
13
Let h(x) = -336*x**2 + 94415*x + 292. Determine h(281).
11
Let p(r) = 58*r**2 - 444*r + 1000. What is p(4)?
152
Let c(q) = 11*q**2 - 79*q - 69. Determine c(8).
3
Let d(b) = -8*b**2 - 17*b + 386. What is d(5)?
101
Let q(u) = -u**3 - 209*u**2 - 386*u - 37027. Determine q(-208).
-3
Let w(s) = -s**3 + 11*s**2 - s + 252. Determine w(0).
252
Let h(l) = 9*l**2 - 18. Give h(7).
423
Let o(p) = 2*p**3 + 62*p**2 - 73*p - 2713. Give o(-31).
-450
Let d(z) = -3844*z + 7670. Give d(2).
-18
Let y(t) = -t**3 - 32*t**2 + 368*t + 129. Calculate y(-41).
170
Let k(c) = 3*c**2 + 2189*c - 26277. What is k(12)?
423
Let v(c) = -2*c**2 - 322*c - 7698. Calculate v(-25).
-898
Let w(r) = -33*r**2 - 1214*r - 5014. Calculate w(-32).
42
Let c(m) = 220*m + 19127. What is c(-87)?
-13
Let o(k) = k**3 + 129*k**2 - 279*k + 27. Calculate o(2).
-7
Let v(u) = 3118*u - 324274. Give v(104).
-2
Let j(y) = -y**3 - 104*y**2 - 24694*y - 2713603. Give j(-108).
5
Let k(h) = 5*h**3 + 60*h**2 + 908*h + 8084. Determine k(-10).
4
Let t(s) = 7*s**3 - 1556*s**2 - 1112*s - 660. Calculate t(223).
9
Let w(x) = -x**2 - 114117*x + 1711975. Calculate w(15).
-5
Let p(g) = 1207*g - 573315. Calculate p(475).
10
Let o(m) = 2*m**3 + 255*m**2 - 121*m + 17. What is o(-128)?
-879
Let v(x) = -74319*x - 668882. Calculate v(-9).
-11
Let v(c) = -c**3 + 13*c**2 + 2963*c - 46720. What is v(16)?
-80
Let q(b) = 275*b**2 - 289*b + 5. What is q(0)?
5
Let r(p) = -p**3 - 64*p**2 + 147*p - 8495. What is r(-68)?
5
Let n(o) = -o**2 + 40*o + 44173. Give n(231).
52
Let g(k) = -k**3 - 136*k**2 - 161*k - 1786. Calculate g(-135).
1724
Let i(c) = -8*c**2 - 212*c - 36. Give i(-16).
1308
Let q(z) = 210*z**3 + 1054*z**2 - 456*z - 2365. What is q(-5)?
15
Let h(i) = -7856*i + 1129. Determine h(0).
1129
Let a(j) = j**3 - 135*j**2 - 4414*j - 213. Calcula